8.
7
What is the highest common divisor of 625 and 3375?
125
What is the greatest common factor of 60 and 160?
20
Calculate the greatest common divisor of 144 and 54.
18
What is the greatest common factor of 8137 and 79?
79
Calculate the highest common divisor of 18 and 16.
2
Calculate the greatest common factor of 92 and 96.
4
Calculate the highest common divisor of 2 and 358.
2
What is the highest common divisor of 6 and 12?
6
What is the greatest common factor of 558 and 24273?
279
Calculate the highest common divisor of 1408 and 473.
11
What is the highest common factor of 615 and 45?
15
Calculate the highest common factor of 1 and 29.
1
Calculate the greatest common factor of 8 and 6638.
2
Calculate the highest common divisor of 1445 and 15.
5
What is the highest common factor of 18 and 114?
6
What is the highest common factor of 112 and 2492?
28
Calculate the highest common divisor of 24992 and 33.
11
What is the greatest common divisor of 24 and 108?
12
What is the greatest common divisor of 82 and 14391?
41
Calculate the highest common factor of 352 and 160.
32
What is the highest common factor of 32 and 5408?
32
Calculate the greatest common factor of 84 and 5397.
21
Calculate the greatest common divisor of 348 and 87.
87
Calculate the greatest common factor of 28 and 28.
28
Calculate the greatest common divisor of 4159 and 1.
1
What is the highest common factor of 10384 and 176?
176
Calculate the greatest common factor of 17 and 1207.
17
Calculate the highest common divisor of 4784 and 338.
26
What is the greatest common divisor of 484 and 605?
121
Calculate the greatest common factor of 283 and 11.
1
Calculate the highest common divisor of 10 and 12960.
10
Calculate the greatest common factor of 33 and 352.
11
Calculate the highest common factor of 42166 and 29.
29
Calculate the highest common factor of 3488 and 64.
32
What is the greatest common factor of 2 and 538?
2
What is the greatest common divisor of 851 and 4393?
23
What is the greatest common divisor of 132 and 24?
12
Calculate the highest common divisor of 594 and 264.
66
Calculate the greatest common factor of 1443 and 39.
39
What is the greatest common factor of 924 and 252?
84
What is the greatest common divisor of 13886 and 106?
106
What is the greatest common divisor of 8325 and 740?
185
Calculate the greatest common divisor of 112 and 144.
16
Calculate the greatest common divisor of 14140 and 980.
140
Calculate the highest common divisor of 31 and 1519.
31
Calculate the greatest common factor of 4632 and 42.
6
What is the highest common factor of 1818 and 414?
18
Calculate the greatest common factor of 20 and 196.
4
What is the greatest common divisor of 4 and 1?
1
Calculate the highest common divisor of 160 and 416.
32
What is the highest common factor of 9648 and 1474?
134
Calculate the highest common divisor of 60 and 20.
20
Calculate the highest common factor of 1056 and 1152.
96
What is the greatest common factor of 285 and 60?
15
What is the greatest common divisor of 88 and 198?
22
Calculate the highest common divisor of 144 and 96.
48
Calculate the highest common factor of 4149 and 6.
3
What is the greatest common divisor of 749 and 14?
7
What is the greatest common factor of 24 and 704?
8
What is the highest common divisor of 43 and 129?
43
What is the highest common divisor of 10 and 1740?
10
Calculate the greatest common divisor of 315 and 1305.
45
Calculate the greatest common factor of 30 and 128280.
30
What is the greatest common factor of 1067 and 97?
97
Calculate the greatest common factor of 189 and 909.
9
What is the highest common factor of 243 and 351?
27
Calculate the highest common factor of 253 and 11.
11
What is the highest common divisor of 297 and 27?
27
Calculate the greatest common factor of 133 and 76.
19
Calculate the greatest common divisor of 66 and 550.
22
What is the highest common divisor of 1552 and 400?
16
Calculate the greatest common divisor of 608 and 2888.
152
What is the greatest common factor of 205 and 5?
5
What is the highest common factor of 33 and 22?
11
What is the greatest common divisor of 300 and 9120?
60
Calculate the greatest common factor of 6 and 41058.
6
What is the highest common factor of 6280 and 80?
40
What is the highest common factor of 15 and 285?
15
What is the greatest common divisor of 222 and 370?
74
What is the highest common divisor of 13520 and 64?
16
What is the highest common divisor of 1098 and 90?
18
Calculate the highest common factor of 5810 and 210.
70
Calculate the greatest common factor of 481 and 819.
13
What is the greatest common divisor of 46530 and 235?
235
What is the greatest common factor of 80 and 20?
20
Calculate the highest common divisor of 221 and 13.
13
Calculate the highest common factor of 221 and 34.
17
What is the highest common factor of 4641 and 102?
51
What is the highest common factor of 871 and 117?
13
Calculate the highest common divisor of 64 and 3648.
64
What is the greatest common divisor of 174 and 30334?
58
What is the greatest common divisor of 385 and 10505?
55
What is the highest common factor of 33 and 174?
3
Calculate the highest common factor of 1886 and 184.
46
What is the highest common factor of 25 and 60?
5
Calculate the greatest common factor of 272 and 64.
16
What is the greatest common factor of 28 and 49?
7
Calculate the highest common factor of 138 and 92.
46
Calculate the highest common factor of 3776 and 64.
64
Calculate the greatest common divisor of 43 and 4343.
43
Calculate the greatest common divisor of 60015 and 15.
15
What is the greatest common divisor of 24 and 10408?
8
What is the greatest common factor of 27 and 756?
27
Calculate the highest common factor of 214 and 2.
2
Calculate the greatest common divisor of 80 and 1264.
16
What is the greatest common divisor of 644 and 14?
14
What is the highest common divisor of 286 and 39?
13
Calculate the highest common divisor of 63 and 273.
21
Calculate the highest common divisor of 10478 and 62.
62
What is the greatest common divisor of 36 and 117?
9
What is the greatest common factor of 64 and 800?
32
Calculate the highest common divisor of 189 and 7.
7
What is the greatest common divisor of 270 and 486?
54
Calculate the highest common divisor of 84 and 324.
12
Calculate the greatest common divisor of 17 and 901.
17
What is the greatest common factor of 473 and 33?
11
What is the greatest common factor of 322 and 14?
14
Calculate the greatest common factor of 108 and 1242.
54
Calculate the highest common divisor of 104 and 37232.
104
Calculate the greatest common factor of 9 and 111.
3
Calculate the greatest common divisor of 5 and 80.
5
Calculate the highest common divisor of 814 and 22.
22
What is the greatest common divisor of 7232 and 678?
226
Calculate the highest common divisor of 884 and 2756.
52
Calculate the greatest common divisor of 12750 and 15.
15
Calculate the highest common divisor of 1824 and 57.
57
What is the greatest common factor of 12 and 184?
4
What is the greatest common factor of 1455 and 645?
15
Calculate the greatest common divisor of 315 and 45.
45
Calculate the greatest common factor of 110 and 2882.
22
Calculate the greatest common divisor of 216 and 1056.
24
What is the greatest common divisor of 28 and 5663?
7
What is the highest common divisor of 2 and 18?
2
What is the greatest common divisor of 3 and 486?
3
What is the highest common factor of 170 and 20?
10
Calculate the greatest common factor of 106 and 6784.
106
Calculate the greatest common divisor of 18272 and 224.
32
Calculate the greatest common factor of 1610 and 184.
46
Calculate the greatest common divisor of 147 and 35.
7
Calculate the highest common factor of 2079 and 1512.
189
What is the greatest common factor of 540 and 20?
20
Calculate the highest common factor of 100 and 125.
25
Calculate the highest common factor of 1905 and 127.
127
What is the highest common factor of 176 and 99?
11
Calculate the greatest common divisor of 6 and 52.
2
Calculate the greatest common factor of 608 and 688.
16
What is the greatest common factor of 979 and 11?
11
Calculate the greatest common factor of 63672 and 12.
12
Calculate the greatest common divisor of 5253 and 34.
17
What is the highest common di